((-5)/(-40)*y).
1
Let b = 134 - 91. Suppose 5*q = 152 + b. Calculate the remainder when q is divided by 10.
9
Let w = -498 - -524. Calculate the remainder when 141 is divided by w.
11
Let w = 890 - 843. Calculate the remainder when w is divided by 12.
11
Calculate the remainder when 1/((-2)/6) + -98 + 170 is divided by 28.
13
Suppose 6 + 105 = 3*z. Let g(t) = -t**3 + 4*t**2 + 18*t + 4. Let q be g(-6). Let c = 402 - q. Calculate the remainder when c is divided by z.
35
Let d be (1*-1)/(3/438). Let b = -77 - d. Suppose -16 = -4*q + 2*q + 4*v, -4*q - 4*v = -92. What is the remainder when b is divided by q?
15
Suppose 14*t + 82 = 222. Let m(v) = v**3 - 12*v**2 + 26*v - 21. Calculate the remainder when 193 is divided by m(t).
37
Suppose 0 = z - 4*z + 36. Suppose 0 = -4*j - 0 + z. Let v(f) = -f**2 + 7*f + 9. Calculate the remainder when j is divided by v(8).
0
Let x(z) = z + 11. Let n be x(-6). Let k(o) = o - 10*o - 3 - n*o. Calculate the remainder when 72 is divided by k(-2).
22
Suppose 0 = -5*g + 3*g + 54. Calculate the remainder when 2320 is divided by g.
25
Let b = -24 - -42. What is the remainder when 50 is divided by b?
14
Suppose 0 = 38*l - 39*l + 41. Suppose -5*i + 363 = -657. Calculate the remainder when i is divided by l.
40
Suppose 605 = 22*j - 11*j. Let f(c) = -29*c**3 - 2*c**2 - 2*c - 1. Calculate the remainder when j is divided by f(-1).
27
Let c = -253 + 315. Calculate the remainder when 306 is divided by c.
58
Suppose 9*n + 87 = 402. Calculate the remainder when n is divided by 8.
3
Let x(t) = 36*t**2 - 12*t - 11. What is the remainder when 811 is divided by x(-1)?
34
Let i = -23 - -19. Let r be 4/8*i + 1. What is the remainder when 65 is divided by (2 + (-18 - 1))*r?
14
Let t(j) = -j - 1. Let c be t(-3). Let w(h) = h + 12 + 3*h + 9*h + h - h**c. What is the remainder when w(13) is divided by 13?
12
Suppose 37*k = 13*k + 2640. What is the remainder when 423 is divided by k?
93
Let j = -40 - -90. Suppose -2*b - 26 = -3*u + j, 0 = -u - 3*b + 29. What is the remainder when 51 is divided by u?
25
Let q be (-3269)/(-105) - (-4)/(-30). Let d = -22 + q. Suppose -2*s = -d - 17. Calculate the remainder when s is divided by 8.
5
What is the remainder when (-16)/(-20)*(-50)/(-4) is divided by 6?
4
Suppose -3*k - 1087 = -3*u - k, 0 = 4*u + k - 1442. Let m = -257 + u. Calculate the remainder when m is divided by 15.
14
Let w(d) = -d. Let z(s) = 2*s. Let h(q) = -w(q) - z(q). Let l be -3*((-2)/7)/(6/(-28)). Calculate the remainder when 11 is divided by h(l).
3
Let u(q) be the third derivative of q**4/12 + 13*q**3/6 - 11*q**2. What is the remainder when 10 is divided by u(-5)?
1
Let o be (4 - 5)/(1/975). Let d be -1 + 0*2/6. What is the remainder when o/26*(d + -1) is divided by 13?
10
Let i(c) = c**2 + 3*c + 7. Calculate the remainder when 8/28 - (-2 - 3122/49) is divided by i(-5).
15
Let y(l) = 5*l**3 + l**2 - 1. Let d be y(1). Let t = 44 - 7. Calculate the remainder when t is divided by d/((-10)/(-44)) - 2.
17
Let z be ((-20)/7 - -2)/((-2)/(-14)). What is the remainder when 0 - (20/z)/((-5)/(-15)) is divided by 2?
0
Suppose -2*q + 923 = 637. What is the remainder when q is divided by 16?
15
Let v = -11 - -15. Let m(z) = 3*z + 6. Let u be m(6). What is the remainder when v/(u/(-63))*-2 is divided by 8?
5
Suppose 14*t - 1245 - 2381 = 0. What is the remainder when t is divided by 29?
27
Let l = -9 - -15. Let f(q) = -q**3 + 6*q**2 + 4*q - 8. Let s = 98 - 69. What is the remainder when s is divided by f(l)?
13
Let u(t) be the third derivative of t**6/120 - t**5/5 - 11*t**4/24 - t**3 - 8*t**2. Calculate the remainder when u(13) is divided by 7.
6
Calculate the remainder when (40/(-12) - -3)/(6/(-324)) is divided by 11.
7
Let n = 13 + -10. Suppose 0 = -3*j + 3*i + 99, 4*j + 37 = 5*j + i. What is the remainder when 32/5 - 14/j is divided by n?
0
Let v be 10/(-40) - (-26)/8. Let d(l) = l**2 - 2*l + 5. What is the remainder when 45 is divided by d(v)?
5
Suppose 4*n = -0*n + 232. Calculate the remainder when n is divided by ((-37)/74)/(-1 + (-118)/(-120)).
28
Suppose 9*o - 11*o - h = -59, -4*h = 3*o - 86. Calculate the remainder when 37 is divided by o.
7
Suppose o = -4*o + 25. What is the remainder when (-482)/(-6) + (-8)/6 is divided by o?
4
Let c(m) = m**2 - 6*m - 6. Let y be c(0). Let h(a) = a**2 + 4*a + 6. Calculate the remainder when h(y) is divided by 3.
0
Let o(w) = w**2 - 59*w - 224. Calculate the remainder when 151 is divided by o(63).
11
Suppose 40*w - 11160 = -2840. What is the remainder when w is divided by 98?
12
Suppose -5*h = -h - 16. Suppose 0 = 5*z - 3*g - 35, 2*z - 7 = 3*g + 16. What is the remainder when 8 + 6/z*-2 is divided by h?
1
Let q be 16/6*9/(-4). Let v(p) be the first derivative of -2*p**2 - p - 3. What is the remainder when v(q) is divided by 13?
10
Let u = -62 + 107. Let g = -21 + u. Calculate the remainder when g is divided by -3*(-5)/((-10)/(-6)).
6
Let o(a) = 35*a + 55. Calculate the remainder when 153 is divided by o(0).
43
Let j(i) = i**3 - 12*i**2 - 2*i + 34. What is the remainder when j(13) is divided by 94?
83
Let c(n) = 180*n - 785. What is the remainder when 1262 is divided by c(5)?
112
Let d = -498 - -622. Calculate the remainder when d is divided by 18.
16
Let p = -1201 + 1206. Let n be (1/1 + 0)*0. Suppose n = -p*y + 6 + 74. What is the remainder when y is divided by 9?
7
Suppose 5*l - 8 = 12. What is the remainder when 313/l + 3/4 is divided by 20?
19
Let u(t) = t**3 + 5*t**2 + 3*t + 21. What is the remainder when 189 is divided by u(-4)?
14
Let l be (-9*1)/((-21)/14). Suppose l*p - 48 = 2*p. Suppose 2*i + 92 = 6*i. Calculate the remainder when i is divided by p.
11
Suppose 43*q - 44*q = -2*w + 33, -4*q + 36 = 4*w. Calculate the remainder when 262 is divided by w.
10
Let l = -2896 + 3003. Calculate the remainder when 736 is divided by l.
94
Let x be 7/2*9/(63/20). Suppose -4*j + 5*s + 52 = 0, s + x = j - 4. Calculate the remainder when 70 is divided by j.
16
Suppose 6*d + 732 = 12. Let g = d + 176. What is the remainder when 111 is divided by g?
55
Let m = 168 - 92. Suppose 5*a - 3*a - 4*x - m = 0, 5*a = -5*x + 190. Calculate the remainder when 151 is divided by a.
37
Let g = -42 + 44. Suppose g*s = 17 + 171. What is the remainder when s is divided by 19?
18
Let j = -136 + 251. What is the remainder when j is divided by 60?
55
Suppose -319 = -11*s - 55. What is the remainder when 66 is divided by s?
18
Suppose 4*m - 136 = v + 107, 0 = m - 3*v - 58. What is the remainder when 197 is divided by m?
14
Suppose 2*c + 14 = -0*c. Let f = c - -16. What is the remainder when (-46)/(-3) + (-4)/(-6) is divided by f?
7
Let u be ((-4)/2)/((-6)/(-15)). Let p = u - -18. Suppose 3*f = 2*f + p. Calculate the remainder when f is divided by 7.
6
Suppose -5*z + 4*m + m + 15 = 0, -5*z = m - 39. Let y be (16/6 - 2)*3. Let g(f) = 6*f**2 - 2*f - 1. What is the remainder when g(y) is divided by z?
5
Let x(j) = -j + 11. Let d be x(9). Let z(a) = 5*a - a - d*a + 0*a - 6. What is the remainder when 35 is divided by z(9)?
11
Let l = -962 + 1097. Calculate the remainder when l is divided by 24.
15
Suppose 2*j - 44 = -5*p, 2*p = 2*j - 4 - 12. Suppose 0 = -3*i, c - 347 + 327 = i. What is the remainder when c is divided by j?
8
Let f(h) = 8*h - 17. Suppose 2*p = 34 + 24. Suppose 5*t - p = -9. Calculate the remainder when f(4) is divided by t.
3
Let y(s) = 2*s**3 + 9*s**2 - 5*s + 33. What is the remainder when 115 is divided by y(-5)?
16
Let b be (1 - (11 - -3))*-5. Let v = b - 38. What is the remainder when v + 2 + -1 - -1 is divided by 15?
14
Let x = -696 + 810. What is the remainder when x is divided by 6?
0
Suppose -149 = -2*w - 35. Suppose 3*o + o + 213 = 5*d, d = -4*o + w. What is the remainder when d is divided by 8?
5
Let g(y) = -y + 8. Let c(f) = -7*f - 1. Let b = -20 - -14. What is the remainder when c(b) is divided by g(-6)?
13
What is the remainder when ((-4683)/(-6))/7 - 1/2 is divided by 3/(-1 - (-62)/56)?
27
Calculate the remainder when 0 - 457/(-2) - 85/170 is divided by 33.
30
Suppose 3*m + 49 = 10*m. Suppose 239 + 90 = m*t. Calculate the remainder when t is divided by 24.
23
Let m = -567 - -571. Calculate the remainder when 20 is divided by m.
0
Let m(z) = 2*z**3 - 61*z + 58*z + z**3 + 1 + 2*z**2 + 0*z**3. What is the remai